3)?
12
Let l(c) = 7*c**2 + 12*c - 146. Give l(-6).
34
Let q(m) = 5*m**2 + 134*m - 1030. Determine q(-33).
-7
Let j(i) = 2*i**2 - 24*i - 41. What is j(14)?
15
Let a(p) = 148*p**2 + 23*p + 2. What is a(1)?
173
Let q(a) = a**3 - 15*a**2 + 12*a + 32. Give q(12).
-256
Let r(u) = -29*u**2 - 1135*u + 2270. Calculate r(2).
-116
Let p(w) = 2*w**3 - 335*w**2 - 522*w + 2544. Calculate p(169).
9
Let k(d) = -d**3 + 14*d**2 + 125*d - 4. Give k(-7).
150
Let f(p) = 384*p + 31107. Calculate f(-81).
3
Let n(w) = 201*w + 2023. Determine n(-10).
13
Let a(v) = -4*v + 357. Give a(95).
-23
Let y(n) = n**3 - 33*n**2 + 2*n - 83. What is y(33)?
-17
Let n(h) = 118*h - 2829. Give n(24).
3
Let x(z) = -z**3 - 14*z**2 + 74*z - 12. What is x(5)?
-117
Let v(c) = 16*c**2 + 451*c - 359. What is v(-29)?
18
Let n(m) = 15*m - 275. Determine n(23).
70
Let j(q) = -q**2 + 12*q - 7. What is j(0)?
-7
Let d(x) = -12*x**2 - 91*x - 536. What is d(-6)?
-422
Let q(n) = -43*n + 2808. What is q(65)?
13
Let j(z) = z**3 + 26*z**2 + 137*z - 30. Give j(-8).
26
Let r(x) = -17*x**2 + 2276*x + 240. Give r(134).
-28
Let a(f) = 3*f**2 + 47*f - 77. Give a(-16).
-61
Let m(o) = -5*o**3 - 78*o**2 + 32*o - 12. Determine m(-16).
-12
Let q(y) = 271*y + 1628. Calculate q(-6).
2
Let x(z) = -z**3 + 72*z**2 + z - 41. What is x(72)?
31
Let u(q) = 57*q - 862. Calculate u(15).
-7
Let u(z) = -z**3 + 9*z**2 - 23*z + 34. Give u(10).
-296
Let s(w) = -w**3 - 2*w**2 + 47*w + 168. Calculate s(-4).
12
Let i(t) = -484*t + 8161. Give i(17).
-67
Let w(v) = -53*v + 7820. Calculate w(148).
-24
Let t(b) = -b**3 + 7*b**2 + 97*b + 26. What is t(14)?
12
Let u(y) = -24*y - 547. What is u(-21)?
-43
Let y(u) = 521*u**2 + u + 3. Calculate y(1).
525
Let b(c) = 9*c**2 - 164*c - 27. Determine b(20).
293
Let c(u) = -u**2 + 140*u + 1975. Determine c(-13).
-14
Let s(l) = l**2 - 242*l + 6545. Determine s(31).
4
Let f(q) = 3981*q + 95538. Calculate f(-24).
-6
Let v(z) = z**2 + 10*z + 128. Give v(0).
128
Let v(b) = -2*b**3 + 3*b**2 + 7*b + 11. What is v(4)?
-41
Let f(n) = 7*n**2 + 28*n - 27. What is f(1)?
8
Let w(c) = -41*c - 493. Give w(-11).
-42
Let r(i) = -i**3 - 11*i**2 + 113*i - 12. Determine r(7).
-103
Let z(y) = -y**3 + 10*y**2 + y + 73. Determine z(9).
163
Let i(v) = -533*v - 1142. Calculate i(-2).
-76
Let m(h) = h**3 - 68*h**2 + 196*h - 327. Give m(65).
-262
Let n(w) = 182*w - 1261. Give n(7).
13
Let r(k) = -14*k + 519. Determine r(38).
-13
Let r(j) = 710*j + 4268. Calculate r(-6).
8
Let a(q) = -706*q - 33868. Calculate a(-48).
20
Let r(t) = 1233*t + 12366. Calculate r(-10).
36
Let s(c) = c**3 - 105*c**2 - 103*c - 320. Determine s(106).
-2
Let o(a) = 4*a**2 - 174*a + 1587. Calculate o(13).
1
Let p(r) = -50*r + 1380. What is p(27)?
30
Let t(d) = -d**3 - d**2 - 24*d + 337. Give t(0).
337
Let y(d) = d**2 + 126*d + 1054. Calculate y(-9).
1
Let g(r) = r**3 + r**2 + 4*r + 907. Calculate g(0).
907
Let p(i) = i**2 - 64*i + 801. Give p(47).
2
Let p(l) = -4*l**2 - 56*l + 108. Calculate p(-16).
-20
Let g(q) = 3*q**3 - 7*q**2 + 11*q - 7. Determine g(3).
44
Let k(z) = z**3 - 45*z**2 + 79*z + 327. Determine k(43).
26
Let a(g) = g**3 + g**2 - 14*g + 52. Determine a(0).
52
Let u(y) = -4*y**3 - 30*y**2 - 16*y - 20. What is u(-7)?
-6
Let z(g) = 116*g + 2493. Calculate z(-21).
57
Let j(l) = l**3 - 615*l**2 - 1853*l. What is j(-3)?
-3
Let h(d) = -257*d - 2788. Give h(-11).
39
Let l(h) = -7*h**2 - 6*h - 4. Give l(3).
-85
Let o(l) = -53*l + 2065. Calculate o(39).
-2
Let p(r) = -11*r**2 + 212*r + 3. Give p(21).
-396
Let t(g) = -2*g**2 + 358*g + 7084. Calculate t(-18).
-8
Let f(x) = x**3 - 20*x**2 + 20*x + 33. Determine f(19).
52
Let j(l) = 159*l - 2553. Determine j(16).
-9
Let i(f) = 697*f - 1376. Calculate i(2).
18
Let i(a) = 3309*a - 23303. Give i(7).
-140
Let p(i) = 1011*i - 20261. Determine p(20).
-41
Let c(b) = 476*b + 969. Give c(-2).
17
Let q(h) = -2*h**3 + 12*h**2 - 7*h - 9. What is q(6)?
-51
Let u(l) = -3*l**2 - 367*l + 614. Determine u(-124).
-6
Let y(q) = q**3 + 169*q**2 - 3355*q - 199. What is y(18)?
-1
Let h(n) = -17*n**2 - 242*n + 470. Calculate h(-16).
-10
Let b(k) = -k**2 + 58*k - 33. What is b(59)?
-92
Let t(p) = 253*p - 679. Determine t(3).
80
Let f(m) = -m**3 - 6*m**2 - 717*m - 4309. Calculate f(-6).
-7
Let h(y) = -466*y + 4657. Give h(10).
-3
Let t(b) = -246*b - 489. Determine t(-4).
495
Let d(l) = l**2 + 36*l + 394. What is d(-28)?
170
Let a(o) = 372*o - 400. Determine a(1).
-28
Let j(u) = -18*u - 55. Calculate j(-3).
-1
Let h(f) = f**2 - 16*f + 50. Calculate h(7).
-13
Let y(w) = -16*w + 7. What is y(1)?
-9
Let g(b) = -b**2 - 115*b - 2490. Calculate g(-29).
4
Let h(o) = -o**2 + 32*o - 103. Calculate h(30).
-43
Let c(d) = -14*d**2 - 34*d - 18. What is c(-5)?
-198
Let n(k) = -328*k + 2935. Calculate n(9).
-17
Let z(i) = 160*i - 1267. What is z(8)?
13
Let o(u) = -u**2 + 109*u + 3333. Calculate o(-25).
-17
Let b(d) = -d**3 + 11*d**2 + 28*d - 62. Determine b(12).
130
Let x(n) = n**3 - 7*n**2 - 5*n - 17. Give x(8).
7
Let y(s) = 167*s - 118. Determine y(1).
49
Let t(n) = -n**2 + 74*n + 1556. Give t(-17).
9
Let q(g) = -g**2 - 53*g - 491. Give q(-41).
1
Let l(h) = h**3 + 3*h**2 + 11*h + 92. What is l(-8)?
-316
Let t(m) = 32*m**2 - 158*m - 4. Determine t(4).
-124
Let i(h) = -2*h**3 - 193*h**2 - 4163*h - 189. Give i(-64).
3
Let z(p) = -107*p - 1260. What is z(-12)?
24
Let f(s) = -99*s**2 - 93*s + 4. What is f(-1)?
-2
Let u(x) = -13*x - 196. Calculate u(-36).
272
Let a(b) = -14*b**2 + 738*b + 215. Determine a(53).
3
Let g(n) = -5*n**3 - 13*n**2 + 32*n + 19. Calculate g(-4).
3
Let i(a) = 3*a**2 - 15*a + 50. Determine i(6).
68
Let b(z) = -3*z**2 + 583*z + 583. Determine b(-1).
-3
Let y(i) = i**3 - 6*i**2 - 111*i + 23. Calculate y(14).
37
Let b(u) = 355*u - 7025. What is b(20)?
75
Let h(l) = -267*l + 5909. Give h(23).
-232
Let n(x) = -x**3 - 149*x**2 - 133*x + 2208. Give n(-148).
-12
Let a(y) = y**2 - 13*y - 57. Calculate a(14).
-43
Let k(n) = 2040*n + 77507. Give k(-38).
-13
Let u(x) = 4*x**2 - 106*x - 312. Give u(29).
-22
Let s(f) = 10*f - 229. Give s(47).
241
Let h(n) = -28*n - 90. Determine h(-6).
78
Let q(a) = 190*a + 2655. Determine q(-14).
-5
Let y(v) = -42*v**3 + 10*v**2 - 12*v + 1. Determine y(1).
-43
Let m(o) = 385*o + 3930. Give m(-10).
80
Let t(n) = -3*n**3 - 2*n**2 + 133*n + 834. Calculate t(-7).
834
Let r(s) = -s**3 + s**2 - 24*s - 55. What is r(-2)?
5
Let w(s) = s**3 + 11*s**2 + 54*s + 479. Give w(-11).
-115
Let r(y) = -y**2 - 8*y + 4. Calculate r(-2).
16
Let r(i) = 12*i + 9. Give r(-2).
-15
Let x(w) = -w**2 + 17*w - 61. Give x(8).
11
Let y(f) = -f**2 + 91*f + 565. Calculate y(97).
-17
Let m(y) = 2*y**2 - 47*y + 206. Give m(19).
35
Let p(f) = -5*f**2 + 13*f - 108. Calculate p(13).
-784
Let s(p) = -4*p**3 + 23*p**2 + 59*p - 310. Calculate s(6).
8
Let y(w) = -4*w**3 + 31*w**2 - 4*w + 17. Give y(8).
-79
Let y(b) = 53*b + 202. Calculate y(-4).
-10
Let a(i) = i**3 - 15*i**2 + 101*i + 458. Determine a(-3).
-7
Let z(x) = -2*x**3 + 12*x**2 + 12*x + 15. Calculate z(7).
1
Let b(y) = -22*y - 42. What is b(3)?
-108
Let n(p) = 170*p + 1318. Calculate n(-8).
-42
Let b(z) = 2*z**2 + 206*z + 609. Determine b(-3).
9
Let y(s) = -4*s**2 - 133*s - 30. What is y(-33)?
3
Let t(n) = 9*n**3 + 51*n**2 - 50*n - 291. Give t(-6).
-99
Let y(g) = -6*g**3 + 91*g**2 - 97*g + 3. Determine y(1).
-9
Let q(x) = 256*x**2 - 4090*x - 94. Calculate q(16).
2
Let t(x) = -2*x**3 - 5*x**2 + 82*x - 35. Give t(8).
-723
Let o(c) = c**2 + 8*c - 273. What is o(-27)?
240
Let z(y) = -177*y**3 - y**2 - 15*y - 13. Give z(-1).
178
Let z(h) = -h**3 + 5*h**2 + 14*h + 61. Give z(9).
-137
Let t(o) = 361*o - 29593. What is t(82)?
9
Let q(u) = u**2 + 32*u + 275. Determine q(-22).
55
Let m(v) = -451*v - 372. What is m(-1)?
79
Let d(n) = -82*n + 5252. Give d(64).
4
Let x(d) = -4*d**2 - 116*d + 30. What is x(-28)?
142
Let o(b) = 37*b - 246. Calculate o(7).
13
Let v(l) = 1028*l - 5099. What is v(5)?
41
Let a(s) = -3*s**2 + 208*s - 3056. What is a(48)?
16
Let l(u) = 2*u**2 - 7*u + 54. Determine l(4).
58
Let v(h) = -10*h**3 - h**2 - 2*h - 2. Determine v(-1).
9
Let u(c) = -7*c**3 + 16*c**2 + 13*c + 1. What is u(3)?
-5
Let m(v) = 11*v**2 + 45*v - 106. Give m(2).
28
Let h(b) = 2*b**3 - 32*b**2 - 381*b - 77. Give h(24).
-5
Let b(u) = -u**3 - 4*u**2 + 57*u - 95. Give b(4).
5
Let n(g) = -32*g + 264. Det